0 = 2*k + 2*b - 1476. What are the prime factors of k?
3, 5, 7
Let q = 761 - 756. Suppose -q*x + 4*y + 279 = y, -3*x - y + 159 = 0. What are the prime factors of x?
2, 3
Let y(a) = a**3 - 3*a**2 + 4*a - 9. Let i be y(3). Let l(z) = z**3 + 3*z**2 - 7*z - 3. What are the prime factors of l(i)?
2, 3, 5
Let p = -41 + 45. Suppose p*f - 4*r = 8, -f + 3*f + 10 = -5*r. Suppose -7*d + 2*s + 7 = -2*d, 3*d - 4*s + 7 = f. List the prime factors of d.
3
Suppose -2*h - 82 + 96 = 0. Suppose 816 = h*t - 570. List the prime factors of t.
2, 3, 11
Let z be (-34)/119 - (116/(-14) - -2). What are the prime factors of 0 + z - (-51 + 3)?
2, 3
Let l(s) = 649 - 3*s - 12*s - 25*s - 661. Suppose -g = -3*m + 3 + 7, -3*g - 5*m + 12 = 0. What are the prime factors of l(g)?
2, 7
Let l(y) = y**2 + 7*y + 30. Let w be l(-8). Let j be w/4*(3 + 39). Suppose -6*k - 63 = -j. List the prime factors of k.
2, 7
Let h be ((-9)/(-1))/1 + 0/3. Let u(j) = -13*j - 11. Let r be u(8). List the prime factors of 138/r*(-10 - 0)*h.
2, 3
Let k(g) = 50960*g + 1788. What are the prime factors of k(1)?
2, 13187
Let i(a) = -2*a**3 - 12*a**2 - 28*a + 23. Let f be (41 + -40)/(1/10)*-1. What are the prime factors of i(f)?
1103
Suppose -18 = -6*j + 102. Suppose -z + 6*z + 15 = 3*g, z + 4*g = j. Suppose z = 22*d - 28*d + 894. What are the prime factors of d?
149
Let b be 0/(-3) + -2 + 7. Suppose 0 = -13*i + b*i + 1496. List the prime factors of i.
11, 17
Let d(m) = m**3 + 8*m**2 - 23*m - 26. Let w be d(-10). Let l(n) = 82*n - 77. List the prime factors of l(w).
251
Let p = -72 + 565. Let t = p + -77. List the prime factors of t.
2, 13
Suppose 0 = 4*k - 7*k - 231. Let a = -115 - k. Let o = a - -119. List the prime factors of o.
3
Let y = -20 - -24. Suppose -3*c - 31 = -2*j - 1, 52 = -5*c + y*j. Let a(t) = -21*t - 6. What are the prime factors of a(c)?
2, 3
Let z(v) = -31*v**3 + 8*v**2 + 75*v + 237. List the prime factors of z(-5).
31, 127
Let a(v) = -9*v**2 + v - 6. Let j be a(-5). Let t = -30 - j. Suppose -5*r + 2*w + 610 = 0, 0 = 2*r - w - t - 39. What are the prime factors of r?
2, 3, 5
Let f be 4455/195 + 4/26. Suppose -4*l + 159 = 3*q, 3*l - 5*q = f + 60. List the prime factors of l.
2, 3
Let s be (-2)/9 - ((-22)/99 - 4). Suppose 0*f + s*f + 4*c - 1332 = 0, 5*f - 1661 = -4*c. List the prime factors of f.
7, 47
Suppose -145*r = -144*r - 4220. Suppose 0 = 3*n - 8*n + 3*c + r, -4*n = 3*c - 3349. List the prime factors of n.
29
Suppose 93*b + 61*b = 4620000. List the prime factors of b.
2, 3, 5
Suppose 3*g + g = 4*a + 28, 0 = g + 2*a + 8. Let y(v) = 2*v + v**3 + 6 + 47 + g*v - 5*v. What are the prime factors of y(0)?
53
Suppose 48*k - 969343 = 9*k + 144068. List the prime factors of k.
28549
Let h be 10/2 + -3 + 2. Suppose h*n - 1 = -25. What are the prime factors of (n/12)/(2/(-184))*2?
2, 23
Suppose -26 = -5*g + 4*r, 4 = 4*r + 20. Let d = 11 + 35. Let y = d - g. List the prime factors of y.
2, 11
Let a(z) = -702*z**2 + 6*z - 4. Let x be a(1). Let y = -636 - x. List the prime factors of y.
2
Suppose 287504 - 11539 = 5*c - 4*h, -5*c = -h - 275965. What are the prime factors of c?
97, 569
Suppose 4450 = 3*q + 14*o - 15*o, 6*q + 4*o = 8930. List the prime factors of q.
3, 5, 11
Suppose 2*b - 63 - 9 = -3*i, -b = 0. Suppose -4*m = -5*t - i, -t - 24 = m - 5*m. Let p(s) = -s**3 + 8*s**2 - 5*s - 4. What are the prime factors of p(m)?
2, 19
Let a be -7 + 2 - ((-54)/(-3))/(-6). List the prime factors of 12060/40 + (0 - 1)/a.
2, 151
List the prime factors of 18 + (-11)/((-165)/849390).
2, 7, 17
Suppose 473*y + 27*y - 16840308 = 34*y. What are the prime factors of y?
2, 3, 19, 317
Let p(q) = -3*q**3 - 6*q**2 - 54*q + 97. What are the prime factors of p(-17)?
2, 5, 701
Let t(o) = 526*o + 3705. List the prime factors of t(40).
5, 7, 101
Suppose 0 = 3*m - 4*l - 20935, -2*m + 81*l = 86*l - 13949. List the prime factors of m.
6977
Suppose 3*q + 3*c + 8724 = 108726, -2*q - 4*c = -66658. What are the prime factors of q?
3, 11113
Let p(z) be the second derivative of -z**5/20 + 13*z**4/6 + 32*z**3/3 - 7*z**2/2 - 5*z. What are the prime factors of p(27)?
2, 31
Suppose 16*o = 79424 + 72896. List the prime factors of o.
2, 5, 7, 17
Suppose 2*r + d - 540 = -0*r, 5*r - d = 1357. Suppose 0 = -7*n + r + 170. Suppose -3*w = -69 - n. What are the prime factors of w?
2, 11
Let g(c) = c**3 - 4*c**2 - c + 4. Let p(l) = -4*l + 40. Let q be p(9). Let r be g(q). List the prime factors of 2/2 - (-87 + r) - -3.
7, 13
Let k(t) = -t**2 - 10*t. Suppose -a + 5 - 15 = 0. Let w be k(a). Suppose 20 = -5*r, 4*l - 476 = -w*l - 5*r. What are the prime factors of l?
2, 31
Suppose 37*q = 39*q + 394. Let l = 638 + q. List the prime factors of l.
3, 7
Suppose -791*p + 398*p = -399*p + 176136. List the prime factors of p.
2, 41, 179
List the prime factors of (-2 + 18156)*560/160.
7, 29, 313
Let f be -5 - 58254/(-56) - 1/4. List the prime factors of 23/(f/(-36)) - 11068/(-10).
2, 7, 79
List the prime factors of (-8563)/(-4) + (-5)/100*-5.
2141
Let i be -6*(-6)/(-18) - 4/(-2). Suppose h - 1001 - 434 = i. List the prime factors of h.
5, 7, 41
Let h(m) be the third derivative of -1/6*m**4 + 0 + 11/20*m**5 - 1/2*m**3 + 0*m - 3*m**2. List the prime factors of h(-2).
137
Suppose -1849 = -5*n - m + 1068, 4*n = m + 2330. Suppose 2*t - 1833 = n. What are the prime factors of t?
2, 151
Let g(z) = -1792*z + 135. What are the prime factors of g(-4)?
67, 109
Suppose -3*u - 2*u + 4 = -x, -2*x + 5*u = 3. Let h(g) = g + 2. Let s be h(x). Suppose -2*i + s*p = -37 - 13, -i + 20 = p. List the prime factors of i.
2, 11
Let d be 925/(-15) - 8/(-12). Let j = d - -66. What are the prime factors of -3*(j + -4) - -50?
47
Suppose -6*j = -j - 0*j. Suppose -5*l - 2*q + 1378 = j, q = 7 - 3. List the prime factors of l.
2, 137
Suppose 0 = -4*p, 3*p - 9 = -a + 12. Suppose 13497 = a*r - 5298. List the prime factors of r.
5, 179
Let s = 376 - 375. List the prime factors of -1 - s - (-2 - 1087).
1087
Let r = -54 + 64. List the prime factors of 787/3 + r/(-30).
2, 131
What are the prime factors of -32*22/(-4224) + 14*610/24?
2, 89
Let b = 22338 + -10205. List the prime factors of b.
11, 1103
Suppose -7*i + 16 = 4*k - 2*i, -2*i = -k + 17. What are the prime factors of (-1)/(k/(-15))*135?
3, 5
Suppose -3*d - 68746 = -3*o + 4073, -2*d + 218402 = 9*o. List the prime factors of o.
2, 6067
Let b(q) = -13*q - 121. Let j be b(-10). Let o(a) = 218*a - 219. List the prime factors of o(j).
3, 7, 83
Let r(c) = -2*c**2 - 5*c - 130. Let g(b) = b**2 + 2*b + 65. Let j(v) = -5*g(v) - 3*r(v). List the prime factors of j(12).
269
List the prime factors of (4366/(-5))/(3762/475 + -8).
5, 37, 59
Suppose 22059 = s + q + 5*q - 2*q, 0 = 5*q. List the prime factors of s.
3, 19, 43
Let c(f) = 9*f**2 + 110*f + 1462. List the prime factors of c(-47).
3, 599
Let d = 8 - 8. Suppose 0 = a + 3, 3*q - 5*a - 24 + 3 = d. Suppose h = -q*k + 4*k + 161, k = h - 158. What are the prime factors of h?
5, 31
Let b = 3322 - -5414. List the prime factors of b.
2, 3, 7, 13
Suppose 0 = v + 2*v + 3*o - 9, -3*o + 13 = 5*v. Suppose -4*a = f - 9, -v*f + 5 = 3*f. Suppose g - 4*k = 27 - 4, k = -a*g + 64. What are the prime factors of g?
31
Let p(y) = -22*y - 78. Let u(d) = 10*d + 38. Let n(k) = 6*p(k) + 13*u(k). Let t = -6 - -6. What are the prime factors of n(t)?
2, 13
Let s(q) = 9*q + 86. Let n be s(-9). List the prime factors of n - ((-15)/(-3) + -268).
2, 67
List the prime factors of 14 + -23 + (-3 - -8871).
3, 2953
Let r(g) = -6*g**2 + g - 6. Let z(b) = 5*b**2 + 5. Let l(c) = 6*r(c) + 7*z(c). Let s be l(7). Let n = 37 - s. What are the prime factors of n?
3, 5
Suppose 5*i - 20284 - 37744 = -2*z, 29014 = z - i. What are the prime factors of z?
2, 89, 163
Let i(z) = z**2 - 2*z + 506. Let y be i(0). Suppose 0 = -3*t + 14*t + y. Let s = t - -60. What are the prime factors of s?
2, 7
Let t(s) = 11*s - 77. Let y be t(7). Suppose y = m + 14*m - 6360. What are the prime factors of m?
2, 53
What are the prime factors of (355915/(-245))/((-3)/42)?
2, 10169
What are the prime factors of ((-49)/(-196))/((-3)/(-131196))?
13, 29
Suppose -19 + 2 = -p - 5*t, -2*p = -5*t + 11. What are the prime factors of 111/(1/(-8)*(-8 + p))?
2, 37
Let t(w) = -182*w + 8. Let k(h) = h - 6. Let a be k(14). Let s be t(a). List the prime factors of (-2)/8 - s/32.
